{"id":778,"date":"2021-04-01T10:44:45","date_gmt":"2021-04-01T08:44:45","guid":{"rendered":"https:\/\/couleur-jazz.fr\/?page_id=778"},"modified":"2023-02-05T18:37:03","modified_gmt":"2023-02-05T17:37:03","slug":"778-2","status":"publish","type":"page","link":"https:\/\/couleur-jazz.fr\/?page_id=778","title":{"rendered":"Andr\u00e9"},"content":{"rendered":"\n<div role=\"tabpanel\" class=\"tab-pane active\" id=\"artiste-tab-presentation\">\n                            <h1>Notre ami Andr\u00e9<\/h1> <\/div>\n<p>C\u2019est avec une profonde tristesse que nous avons appris le d\u00e9c\u00e8s de notre Ami Andr\u00e9 Cornelli. <br>\nTrompettiste \u00e9m\u00e9rite des Flagada Stompers, il \u00e9tait depuis plus de 20 ans un \ndes piliers du Big Band Couleur Jazz,\ntes chorus vont nous manquer D\u00e9d\u00e9 et ta gentillesse aussi. <br>Tu resteras dans notre c\u0153ur pour toujours.<br><br>Adieu l&rsquo;artiste !<br><br>\n<\/p>\n\n\n\n<div role=\"tabpanel\" class=\"tab-pane active\" id=\"artiste-tab-presentation\">\n                            <h2>Biographie des Flagada Stompers<\/h2>\n<p>Depuis 1966 ils n&rsquo;ont cess\u00e9 de se produirent au Hot Club de Lyon dans l&rsquo;Europe enti\u00e8re aux Etats-Unis, la Nouvelle Orl\u00e9ans, au Kenya, au Sri Lanka, 6 musiciens jouant toujours avec le m\u00eame esprit dans la lign\u00e9 de Louis Armstrong, Sidney Bechet ou encore Duke Ellington.\n<\/p><p>En concerts en animations, Parade, anniversaire ils sont toujours pr\u00eat \u00e0 intervenir avec Brio et talents sur des arrangements musicaux assez pointus.<br>Les Flagada Stompers se produisent \u00e9galement \u00e0 sept musiciens avec un banjo pour jouer en animation d\u00e9ambulatoire pour des d\u00e9fil\u00e9s ou sur un green de Golf autour des tables bien garnies de champagne et d&rsquo;amiti\u00e9s.<\/p>\n<br><p><\/p>\n                        <\/div>\n","protected":false},"excerpt":{"rendered":"<p>Notre ami Andr\u00e9 C\u2019est avec une profonde tristesse que nous avons appris le d\u00e9c\u00e8s de notre Ami Andr\u00e9 Cornelli. Trompettiste \u00e9m\u00e9rite des Flagada Stompers, il \u00e9tait depuis plus de 20 ans un des piliers du Big Band Couleur Jazz, tes chorus vont nous manquer D\u00e9d\u00e9 <span class=\"read-more\"><a class=\"more-link btn btn-transparent\" href=\"https:\/\/couleur-jazz.fr\/?page_id=778\">Lire la suite . . .<\/a><\/span><\/p>\n","protected":false},"author":1,"featured_media":0,"parent":0,"menu_order":0,"comment_status":"closed","ping_status":"closed","template":"","meta":{"footnotes":""},"class_list":["post-778","page","type-page","status-publish","hentry"],"_links":{"self":[{"href":"https:\/\/couleur-jazz.fr\/index.php?rest_route=\/wp\/v2\/pages\/778","targetHints":{"allow":["GET"]}}],"collection":[{"href":"https:\/\/couleur-jazz.fr\/index.php?rest_route=\/wp\/v2\/pages"}],"about":[{"href":"https:\/\/couleur-jazz.fr\/index.php?rest_route=\/wp\/v2\/types\/page"}],"author":[{"embeddable":true,"href":"https:\/\/couleur-jazz.fr\/index.php?rest_route=\/wp\/v2\/users\/1"}],"replies":[{"embeddable":true,"href":"https:\/\/couleur-jazz.fr\/index.php?rest_route=%2Fwp%2Fv2%2Fcomments&post=778"}],"version-history":[{"count":11,"href":"https:\/\/couleur-jazz.fr\/index.php?rest_route=\/wp\/v2\/pages\/778\/revisions"}],"predecessor-version":[{"id":982,"href":"https:\/\/couleur-jazz.fr\/index.php?rest_route=\/wp\/v2\/pages\/778\/revisions\/982"}],"wp:attachment":[{"href":"https:\/\/couleur-jazz.fr\/index.php?rest_route=%2Fwp%2Fv2%2Fmedia&parent=778"}],"curies":[{"name":"wp","href":"https:\/\/api.w.org\/{rel}","templated":true}]}}